((-420330)/(-8))/15 a prime number?
False
Let v be 8265324/48 + (-2)/8. Suppose 25*g = 3*g + v. Is g a prime number?
False
Let x(o) = o**3 - o**2 - 45. Let l be x(0). Let z = 41 + l. Is ((-1)/(-2)*z)/((-2)/257) a prime number?
True
Let t(r) be the second derivative of -r**5/20 - 5*r**4/6 + 11*r**3/6 + 11*r**2 + 40*r. Let u be t(-11). Suppose -5201 = 15*z - u*z. Is z composite?
False
Let c = 21 + 40. Let d = c + -61. Suppose -5*w + 623 = -d*h - 4*h, 629 = 5*w - 2*h. Is w a prime number?
True
Suppose 0 = -35*s + 328528 + 461979 + 222708. Is s composite?
False
Let g(v) = 2*v**2 + 6*v + 17. Let f be g(-9). Is (3 - f/(-10))*46 prime?
False
Suppose -16 = -5*z + 3*b + b, 0 = -5*z + b + 19. Let d(a) = 1252*a - 151. Is d(z) prime?
False
Suppose -4*s = 2*h + 162, -335 = 4*h + h - 4*s. Let u = h - -71. Suppose u = -0*z - 2*z + 8530. Is z a composite number?
True
Let h = -983435 - -1575634. Is h a composite number?
False
Let u = 415 - 412. Suppose o + 2*o - 2*d = 6541, -u*o = 5*d - 6527. Is o prime?
True
Let i = 2459 + 11424. Is i composite?
False
Suppose -5*d - 77368 = 4*u, 12*u - 5*d - 96715 = 17*u. Is 2/(58039/u - -3) composite?
True
Let m be (-26)/(-13)*(-1)/1 - -4731. Let b = -2112 + m. Is b a prime number?
True
Let m = -1522316 - -3110017. Is m a prime number?
True
Let z = -491 + 493. Suppose 11132 = z*t + 994. Is t prime?
False
Is (5/(-3))/(20/(-158616)) - 7 composite?
True
Suppose 1543*k = 1548*k + 3*w - 689527, 2*k - 3*w = 275836. Is k composite?
False
Suppose -3*r - 230390 = -102*m + 101*m, -m = -r - 230376. Is m composite?
False
Let u(w) = -w - 1. Let a be u(2). Let r be (93 + -1)*((-171)/(-6))/a. Let o = -173 - r. Is o composite?
False
Let p(m) = 2*m**3 - 3*m**2 + 3*m + 1. Let v be (4 - 6)/(2/(-5)). Suppose v*t - 12 = 2*t. Is p(t) a composite number?
True
Let w(j) = 6459*j**2 - 25*j - 57. Is w(-4) a composite number?
False
Suppose -9 = -265*i + 262*i. Suppose -i*b = -3*f - 10287, 4*b - 8503 - 5233 = -f. Is b a prime number?
True
Let r = -1261 + 285. Let k be (-7556)/(-3) + 3/9. Let t = r + k. Is t a prime number?
True
Let a = -9 - -13. Suppose -351 = 77*u - 351. Suppose 2*i + 2*o + o - 251 = u, 0 = -a*i + o + 467. Is i a composite number?
True
Suppose -4*q - 1665546 = -2*m, 14*m - 12*m - 3*q - 1665544 = 0. Is m a composite number?
True
Let s be (3 + 55)/(1*2/8). Suppose -9*y + s = -227. Let n = 73 - y. Is n composite?
True
Let r be 2/(-6) - 40/(-12). Suppose r*p - 6*p + 5*j = -1457, -4*p + 1912 = j. Is p composite?
False
Suppose -6191 + 26020 = 5*l + b, 15880 = 4*l - 2*b. Is l a prime number?
True
Let y = -37 + 42. Suppose -y*m + 7*m - 8278 = 0. Is m a composite number?
False
Suppose 4*a = -5*l - 13774, 2*l = 2*a - 583 - 4941. Let b = l - -5556. Is b composite?
True
Let r = -319811 + 586816. Is r a prime number?
False
Is (42/(-18) - (-16)/12)/((-12)/186036) a composite number?
True
Let f = 40 - 45. Let p(q) = 176*q**2 + 3*q + 12. Is p(f) a prime number?
True
Suppose -u + 5*l + 10 = 0, 0*u = 2*u + 4*l - 48. Let s(n) = 11 - 22 + 130*n + u. Is s(6) a prime number?
False
Let g = -728 - -733. Suppose g*v + 2*d = 109847, 0 = -2*v + d + 9143 + 34803. Is v prime?
False
Let a = 2153476 + -523361. Is a prime?
False
Let l be 5 - (-7)/(21/(-5820)). Let m = l - 359. Let u = -1251 - m. Is u composite?
True
Suppose 5*m = -5*l - 4625, 0*l = l - 2. Let u = m + 527. Let v = 797 + u. Is v prime?
True
Let r = 18 + -13. Suppose a + 4*w = -a + 20032, 4*w = 12. Suppose y + 2*q = -383 + 2376, -r*y - q + a = 0. Is y composite?
False
Suppose 2*a - 44 = 2*y, 2*y - 101 = -5*a - 2*y. Let m be a/8 - (-18)/48. Suppose 0 = -m*t + 1163 + 460. Is t prime?
True
Let b = 1066 - 2368. Let a = b + 3609. Is a a prime number?
False
Let p(q) = 8*q**3 + 3*q - 4. Suppose -158 = -4*y + 6*y + 5*u, 144 = -2*y + 2*u. Let r = -71 - y. Is p(r) composite?
True
Let s(w) = -4*w**3 + 8*w**2 + 14*w - 17. Let p(g) = g**3 - g**2. Let j(b) = -2*p(b) - s(b). Is j(6) prime?
True
Suppose -28147 = -4*q - 3*q. Suppose -2*h + 3375 = -q. Is h - ((13 - 11) + 2/(-2)) composite?
False
Let u = -169325 - -411096. Is u prime?
True
Let x be (-5)/((-25)/802)*5. Let k be 28/(105/15) - (341 + -1). Let l = k + x. Is l a prime number?
False
Let x(o) = -2147*o**3 - 2*o**2 + 27*o + 96. Let d be x(-4). Suppose 0 = -15*i + d + 44601. Is i a composite number?
True
Let b(r) be the first derivative of 271*r**6/120 - 3*r**3 + 24. Let x(c) be the third derivative of b(c). Is x(-1) a composite number?
True
Is (-213)/(-142) - 60742/(-4)*1 composite?
False
Let j = 1031 - -14784. Is j a composite number?
True
Let x = -203 - -219. Is 5594/3*(5 - x/32) prime?
False
Suppose -2*x = -2*k + 540070, -108870 = -3*k - 5*x + 701187. Is k a prime number?
True
Let h(g) be the first derivative of -136*g**2 - 4*g - 6. Let m be h(-6). Let q = 2542 - m. Is q a composite number?
True
Suppose 8*t = -75385 + 116678 + 454635. Is t composite?
False
Suppose -8389*h - 8812757 = -8502*h. Is h a composite number?
True
Let z = 588513 + -364384. Is z prime?
True
Let b(h) = 14*h**2 - 177*h + 606. Is b(103) prime?
False
Suppose -3601 = -5*r + 4*s, -1958 = 4*r - 3*s - 4838. Is r a composite number?
True
Let a(n) = 761*n**3 + 4*n**2 - 61*n - 205. Is a(15) composite?
True
Let m be 4 - 6/(-5 + -1). Suppose -m*k + 8*k - 4*x = 12109, -3*k - x + 12119 = 0. Is k a prime number?
False
Let c(l) = l**2 - 4*l - 3. Let k be c(-8). Let i = k + -94. Is i/((-1)/(-1)) - (1 + -45) composite?
False
Let c(v) = -9*v - 15. Let o(h) = -8*h - 16. Let r(p) = -6*c(p) + 7*o(p). Let l be r(-13). Suppose 9675 = 5*f - 2*w, -l*f + 9680 = f - w. Is f composite?
True
Let g(c) = 76657*c**3 + 12*c**2 - 7*c - 4. Is g(1) prime?
False
Let x be 2 - 48/28 - 24/(-14). Let q(t) = -6 - 1 - 3*t**x - 3*t + 4*t + 4*t**3 + 9*t. Is q(6) composite?
False
Let d(i) = 637*i**2 + 2*i - 642*i**2 + 12*i**3 + 9 - 6*i. Let q be d(5). Let l = q + 1907. Is l a prime number?
True
Let o be (-23)/(-46) + (-819)/(-2). Let f = o - -1883. Is f composite?
False
Suppose -v + 3*g + 81610 + 233154 = 0, 5*v - g - 1573750 = 0. Is v prime?
False
Let s = 138239 - 69946. Is s composite?
True
Suppose 14*a - 43416 + 202836 = 26*a. Is a a prime number?
False
Let d(c) = 5048*c - 2367*c - 2515*c + 113. Is d(17) composite?
True
Let d(f) = -f**3 - 3*f**2 + 2*f + 1. Let j be d(-3). Let n be (-3543)/j + (-28)/(-20) + -1. Suppose 0 = v - n - 346. Is v a prime number?
False
Suppose 0 = -2*z - 266 + 278. Is (-366249)/26*(-4)/z a prime number?
True
Let t(b) = 1023*b**3 + 19*b**2 - 20*b - 45. Is t(7) composite?
True
Let m(d) = -495*d - 11. Let v(w) = w**2 - 13*w - 35. Let g be v(17). Let u = g + -35. Is m(u) a composite number?
True
Let w = 300 + -296. Suppose -w*c = -2*c - 4078. Is c composite?
False
Suppose u = -u + o + 3, 0 = -2*u - o + 1. Suppose -5*n + 6760 = 5*z, -4*n = -11 - u. Is z a prime number?
False
Let r = 726 + -723. Suppose 0 = -p - p + 4. Suppose p*l + 501 = r*s - 2*l, 4*s - 5*l = 667. Is s a composite number?
False
Let o = 22310 - -447. Is o a prime number?
False
Suppose 72 + 120 = 12*u. Let o(p) = 12*p**2 + 68*p - 39. Is o(u) composite?
True
Is 5258055/105 - (-24)/84 a prime number?
True
Is (4717/(-1))/((-23)/(575/25)) prime?
False
Is 236/(-1180) + (-2027032)/(-10) composite?
True
Suppose -16*u = -u - 360. Suppose u*d - 15*d = 32787. Is d composite?
False
Let a = -70 - -65. Let h be 10/a + 0 + 0 + 1. Let x(q) = -394*q**3 + 2*q**2 - q - 2. Is x(h) prime?
False
Let g(o) be the third derivative of -o**4/12 + o**3 + 12*o**2. Let d be g(3). Is 2 - -837 - d/3 prime?
True
Let k(z) = 314*z**3 - 7*z**2 - 2. Let c(o) = -157*o**3 + 3*o**2 + 1. Let l = 28 - 25. Let w(s) = l*k(s) + 7*c(s). Is w(-1) a prime number?
False
Let h(n) = -3*n + 28. Let q be h(9). Is 18/(-27)*3 + 2335/q composite?
False
Suppose 265840 = 30*q - 26*q. Suppose 5*f = -5*b + q, -8*f + 66450 = 5*b - 13*f. Is b a prime number?
True
Suppose 49738 = 4*t - 5*k, 5*t - 4*k = 47843 + 14334. Is t a prime number?
True
Is 8 - (230/50 + -5)*1172975 a prime number?
False
Let f = 173 + -254. Is (-273057)/(-81) - (-6)/f prime?
True
Let m = 134 - 59. Let x = m + -87. Is 71/(((-28)/x)/7) a prime number?
False
Let v = 3878 + 1830. Suppose 2*n - 5906 = v. Is n a prime number?
True
Suppose 24*q - 841902 = 2321226. Is q prime?
True
Let x(n) = n**3 - 5*n**2 + 16*n - 23. Let c be x(12). S